1 is divided by v.
43
Let z be 3/(-2 - (-339)/174). Let p = z - -62. Calculate the remainder when 21 is divided by p.
1
Let g = -950 - -1988. What is the remainder when g is divided by 40?
38
Suppose 2*g + 3*g - 25 = 0. Let k(h) = h**2 + 3*h + 2. What is the remainder when (2 - (3 - -2)) + g + 55 is divided by k(-5)?
9
Suppose -740*z = -721*z - 57. What is the remainder when -1 + (-3 - -2 - -47) is divided by z?
0
Let m = 380 - 327. Calculate the remainder when m is divided by 6.
5
Let f(d) be the second derivative of d**4/12 - 7*d**3/6 + 4*d**2 + d. Suppose -u - 37 = -43. Calculate the remainder when 2 is divided by f(u).
0
Let z be (-6)/(-4)*(-4)/(-3). Let a be (2 + -2)/(1 - z). Suppose a = -11*u + 8*u + 9. Calculate the remainder when u is divided by 3.
0
Suppose 0 = -2*b + 4*b - 192. Let m be (-10)/(-25) + b/(-15). Calculate the remainder when 23 is divided by 74/9 - m/(-27).
7
Suppose -2*u - 5 - 21 = 4*p, -8 = u + p. What is the remainder when ((-4)/((-48)/284))/((-1)/u) is divided by 12?
11
Suppose r = -5*b + 63, -7*b + 4*b + 39 = r. Suppose -a + 188 = 3*a. Calculate the remainder when a is divided by b.
11
Let n = -244 + 259. Suppose 101 = o + 37. Let u = o - 35. What is the remainder when u is divided by n?
14
Suppose -5*j + 12 = -8*j. Let x(d) = 2*d**2 - 2*d + 5. Calculate the remainder when x(j) is divided by 17.
11
Suppose 0 = -4*f - 100 - 456. Let q = f - -166. What is the remainder when 96 is divided by q?
15
Let w be 11 - (-3)/(-1 + -2). Suppose 6*v = v + w. Suppose -m + 0 = 5*k - 3, 0 = 5*m - v*k - 69. Calculate the remainder when 37 is divided by m.
11
Suppose 0 = 3*d + 3*r - 2*r - 45, d - 15 = -r. Let i = -445 + 487. Calculate the remainder when i is divided by d + 0/(2 - 1).
12
Let p(n) = n + 29. Suppose -4*h = 4*r - 140, -5*h + 577*r = 574*r - 183. Calculate the remainder when h is divided by p(0).
7
Let w be (30/(-25))/(1*(-2)/10). Suppose 3*b - w = b. Suppose 2 = 2*y - 4. What is the remainder when y is divided by b?
0
Let x = 184 + -143. Calculate the remainder when x is divided by 16.
9
Let o be (-32)/6*9/(-2). Suppose -2*r - 42 = -i, 3 = i + r - o. Suppose 0 = 4*n - i + 4. What is the remainder when 26 is divided by n?
5
Let y = -419 + 478. Calculate the remainder when y is divided by 31.
28
What is the remainder when 812 is divided by (3564/(-378))/(3/(-7))?
20
Suppose 4*v + 36 = 5*g, -5*g - 4*v = -35 - 9. Let a = g + -5. What is the remainder when 45 is divided by 219/9 - a/9?
21
Let h(n) = -n + 2. Let p be h(10). Calculate the remainder when 82 is divided by ((-132)/48)/(1/p).
16
Suppose d = 5*s + 3*d + 64, 2*s + 3*d + 30 = 0. What is the remainder when 66 is divided by (3 - (-27)/(-12)) + (-399)/s?
32
Let m(c) = -c + 2. Let d(z) = z - 1. Let r(x) = 6*d(x) + 7*m(x). Let u be r(0). Let v = u + 6. What is the remainder when 52 is divided by v?
10
Let k = 33 + -28. Suppose k*x - 1771 = 2*n, 283 = 3*x - 3*n - 776. Suppose -4*s = 127 - x. Calculate the remainder when s is divided by 29.
28
Let k = -32 + 55. Suppose 213 = 5*o - 2*f, 5*o = -165*f + 162*f + 218. What is the remainder when o is divided by k?
20
Suppose -3*s - 217 = 4*k - 2*s, 5*k - 3*s + 250 = 0. Let g = 62 + k. What is the remainder when g is divided by 7?
2
Let m = 384 - 377. Let g = -5 + 9. What is the remainder when 61 is divided by m/(70/g)*40?
13
Calculate the remainder when (-3*1)/((-24)/552) is divided by 36.
33
Let h(k) = -5*k**2 - 7*k + 6. Let x be h(-4). What is the remainder when (-20)/(-5) + -1 - x is divided by (-4)/(-2) - 3 - -14?
10
Let i = -37 - -39. Calculate the remainder when (123/(-6))/(i + 13/(-6)) is divided by (0 - 1)/(1/(-31)).
30
What is the remainder when 68 is divided by (9 + (-228)/24)/(2/(-108))?
14
Let b be 5 + -5 + 0 + 3. What is the remainder when 27 is divided by (-6)/(6/(-17)) - b?
13
What is the remainder when 334 is divided by 572/8 + (-9)/2?
66
Let q = 544 + -540. What is the remainder when 53 is divided by q?
1
Calculate the remainder when 143 is divided by (-36)/(-12)*(17 + -3 - 2).
35
Suppose -438 = 5*q - 10*q + 4*r, -q = -3*r - 81. What is the remainder when 1979 is divided by q?
89
Suppose 34 + 20 = 2*w + 4*o, 4*o = 5*w - 121. Let q = 22 - 23. Calculate the remainder when w is divided by q/4 + (-1197)/(-84).
11
Let d(w) be the second derivative of w**5/20 - 3*w**4/4 - 3*w**3/2 + 4*w**2 + 11*w. What is the remainder when 51 is divided by d(10)?
15
Let d = 514 + -331. Calculate the remainder when d is divided by 11.
7
Suppose 4*r = 0, 4*l + 2*r = 3*r + 28. Calculate the remainder when 5/((-4)/(-70) - 30/(-210)) is divided by l.
4
Suppose o = -5*w + 5*o + 113, 0 = -3*w - 2*o + 59. Let l be (-16)/56 + (-107)/(-7). Let c = w - l. What is the remainder when c is divided by 3?
0
Suppose 0 = -3*p + 2*r + 134, 0 = -16*p + 11*p - 5*r + 265. What is the remainder when 478 is divided by p?
46
Let i be 2*185/10 - (-4)/2. Suppose -c + 4*c + 3*y = i, -4*y + 12 = 0. Calculate the remainder when 38 is divided by c.
8
Let x = 46 + -13. Calculate the remainder when 105 is divided by x.
6
Suppose 2*t - 12 - 12 = 0. Suppose -117*s + 253*s - 9656 = 0. What is the remainder when s is divided by t?
11
Let j(f) = -f**3 - 2*f**2 + f - 1. Let s be (-30)/(-20)*1*4. Let n be 2/(-8)*2*s. What is the remainder when 8 is divided by j(n)?
3
Suppose -6*o + 6 = -3*o. Suppose -5*y + 3*f + 25 = 0, -2*f - o = 2*y - 28. Calculate the remainder when 21 is divided by y.
5
Suppose 19*b - 122 + 8 = 0. What is the remainder when b/(-48) + 1986/16 is divided by 63?
61
Suppose 2*k = 3 + 3. Suppose -2*b = k*b - 255. Let v = b + -25. What is the remainder when v is divided by 7?
5
Let i = -55 + 59. Suppose 72 = 12*x - i*x. Calculate the remainder when 34 is divided by x.
7
Let p(v) = 16*v**2 + 2*v - 4. What is the remainder when p(-2) is divided by 19?
18
Let t = -127 + 192. Calculate the remainder when 584 is divided by t.
64
Suppose -277 = -4*n - 61. What is the remainder when 178 is divided by n?
16
Let f(s) = 91*s**2 + 3*s + 3. Calculate the remainder when f(-1) is divided by 33.
25
Suppose 3*l + 11 = 2, 28 = 2*p - 2*l. Calculate the remainder when 382 is divided by p.
8
Calculate the remainder when 32 is divided by 3/5*(-88 + -12)/(-10).
2
Suppose f - 2*l = 2*l + 12, 2*f - 10 = l. Suppose 2*u - 3*u - 3*g = -48, 5*u + f*g = 273. Calculate the remainder when u is divided by 31.
26
Let w be -2 - (-4 - 3) - 0. Let y be 2/5 + (-7)/w. Calculate the remainder when 83 is divided by y - (-25 - 12/(-4)).
20
Let y = 99 - 55. Let h = y + 7. Calculate the remainder when h is divided by 13.
12
Let f = -23 + 24. Let p be f + 4/12*3. What is the remainder when 8 is divided by (5 - p) + 0/2?
2
Suppose 0 = 2*b - 4*u - 34, 5*b - 2*u - 92 = u. Calculate the remainder when 151 is divided by b.
18
Let n(f) = 17*f**3 - 2*f**2 + 1. Let h be n(1). Suppose -3*w + 46 = a - h, 2*w - 3*a = 45. Calculate the remainder when (8/(-6))/((-56)/3402) is divided by w.
18
Let b(k) = k**3 - 20*k**2 - 43*k - 13. Let t be b(22). Suppose -9 - t = -9*s. What is the remainder when 16 is divided by s?
0
Let v be (-3)/6 - 63/(-6). Let m(l) = l**3 - 9*l**2 - 9*l - 3. Calculate the remainder when m(v) is divided by 7.
0
Suppose 281 + 269 = 5*c. What is the remainder when c is divided by 25?
10
Let r(o) = -o**2 - o + 16. Let j be r(0). Suppose -j + 131 = 5*c. Let f(p) = p**3 + 7*p**2 - 9*p + 5. What is the remainder when f(-7) is divided by c?
22
Let v(d) = -149*d - 80. What is the remainder when v(-3) is divided by 41?
39
Suppose 34 + 46 = -5*o. Let l = o + 20. What is the remainder when 40 is divided by l + (-2)/2 + 19?
18
Calculate the remainder when 222 is divided by 42/56 - (-237)/4.
42
Let p(g) be the first derivative of 5*g**2/2 - 3*g - 2. What is the remainder when (-5 + (3 - 2))*-3 is divided by p(2)?
5
Suppose 0 = -16*u + 21*u - 190. Let y = u + -8. Suppose 5*l - 94 = -2*a - y, -5*l + 190 = 5*a. What is the remainder when a is divided by 11?
9
What is the remainder when 109 is divided by (-38)/(-8)*20/5?
14
Suppose 2*s + 8 = 0, -8*s + 3*s - 256 = -q. Suppose 4*x = 68 - q. Let c = x + 107. What is the remainder when c is divided by 22?
21
Let i = 145 + -43. What is the remainder when i is divided by 50?
2
Suppose -2*f - 95 = -5*w - 5*f, 3*w = f + 57. What is the remainder when w is divided by 